 12/n - (-8)/3. Let v be (6 - o) + 160/8. What is the greatest common divisor of 16 and v?
8
Let s(b) = -43*b - 2940. Let y be s(-69). Suppose 10 = 2*g - 4*x, 4*x = -3*g - 31 + 6. Let i be (-568)/g - 2/6. Calculate the greatest common factor of y and i.
27
Let w = 37 + -31. Suppose 5*u + 2*f = 27, 3*u - 13 = u - 3*f. Suppose -2*s = w, -4*r + u*s = 3*s - 566. Calculate the greatest common factor of 35 and r.
35
Let s(q) = -q**3 - 4*q**2 + 2*q - 5. Let a be s(-5). Calculate the greatest common factor of 30 and a.
10
Let h be -1 + (0/3 - 1). Let y = 36 + h. What is the greatest common divisor of y and 136?
34
Let s(n) = n**3 - 7*n**2 + 4*n + 4. Let k be s(6). Let j be k - (6/(-2) - 0). Let w be (-4)/(-10) - 48/j. Calculate the highest common factor of w and 4.
2
Let k(x) = -21*x**2 + 10*x + 11 + 39*x**2 - 16*x**2. Let j be k(-6). Suppose -j*y - 102 = -26*y. Calculate the greatest common divisor of 85 and y.
17
Let b(v) = 3*v**3 + 2*v**2 - 2*v + 3. Let y be b(2). Suppose 0 = 9*l + 6*l - 930. Calculate the highest common factor of y and l.
31
Let w(l) = -19*l + 1. Let m be w(-1). Suppose 0 = 2*j - j - 3. Suppose -j*v = 2*v - 25. Calculate the highest common factor of m and v.
5
Let f(r) = r**3 - 20*r**2 - 16*r - 65. Let z be f(21). Calculate the highest common factor of 360 and z.
40
Let c be (96/(-10))/(30/(-100)). Suppose -v - 2*v = 2*p - 29, 4*v - 76 = -5*p. What is the greatest common factor of c and p?
16
Suppose -42 = -3*y - 0*y. Suppose -23 = -r - 4*w, 0*r + 4*w - 17 = r. Let z be (r - -7)*(-140)/(-25). Calculate the greatest common divisor of z and y.
14
Let p be (-326)/(-10) + 2/20*4. Calculate the greatest common factor of 264 and p.
33
Let o = 480 + -426. What is the highest common factor of 1242 and o?
54
Let i be ((-4)/6)/(1/(-6)) + -2. Suppose -4*j + 0*j = f - i, j = -f + 8. Calculate the highest common factor of 20 and f.
10
Let z be (-3 - 0)/((-9)/645) + -7. Calculate the greatest common divisor of z and 26.
26
Let z be 8/12 + (-4)/6. Let q be 4/(-6)*-3 - (z - 2). Calculate the greatest common factor of 76 and q.
4
Let i = -186 - -219. What is the greatest common divisor of i and 9?
3
Let y(o) = 0*o - 3*o + 2*o + 4. Let x(a) = -a**3 + 5*a**2 + 2*a - 10. Let h be x(5). Let v be y(h). Calculate the highest common factor of v and 16.
4
Suppose -267 = -4*z - 0*z + 5*u, 0 = -z + 3*u + 65. Calculate the highest common divisor of z and 153.
17
Suppose -7*j - 2*o - 66 = -5*j, -2*o + 10 = 0. Let b be ((-19)/(j/12))/(3/28). Calculate the greatest common divisor of b and 7.
7
Suppose z = g + 34, 4*z - 79 - 62 = -g. Calculate the highest common factor of 5 and z.
5
Let w be 0/(-2)*3/9. Suppose 6 = 2*v, w*v - 4*v + 14 = c. Let b(o) = -2*o**2 - 62*o + 70. Let m be b(-32). What is the highest common divisor of m and c?
2
Let t = -124 + 99. Let y = 35 + t. What is the greatest common divisor of 35 and y?
5
Let z(r) = -r**3 - 9*r**2 - r + 2. Let y be z(-9). What is the greatest common factor of 1 and y?
1
Suppose 0 = -v - 2*v. Suppose -3*k + 3 = -v*k. Calculate the highest common divisor of k and 8.
1
Suppose -9 + 3 = -2*q. Suppose q*j + 10 = 16. Suppose -j*t = -5*t + 51. Calculate the highest common factor of 119 and t.
17
Suppose u - 3 + 1 = 0. Suppose -u*p + p = -2. Suppose -2*o = 4*b - 12, -2*o - p*o + 14 = 3*b. What is the greatest common divisor of 4 and o?
2
Let z be ((-8)/(-40))/(4/18020). What is the greatest common divisor of z and 212?
53
Let w(m) = 26*m**2 + 109*m - 45. Let r be w(-5). Let p = 6 + -22. Let d = p + 26. What is the highest common factor of r and d?
10
Let f(k) = 4*k**2 + 2*k - 31. Let t be f(4). What is the highest common factor of 697 and t?
41
Suppose 3*d = -10 + 109. Suppose -5*o + 0 = 2*f - d, -3*o + 18 = f. Let z = 12 - f. Calculate the greatest common divisor of 24 and z.
3
Suppose 2*o - 5*r - 31 = 0, 0*o + o + 4*r - 22 = 0. Suppose 1 + 8 = -3*w. Let y = 5 + w. What is the highest common divisor of y and o?
2
Suppose 3*i + 5*h + 810 = 0, -6*i - 544 = -4*i + 2*h. Let u = i - -475. Suppose -31 = -2*t + 9. Calculate the greatest common factor of u and t.
20
Suppose 0 = -13*y + 16*y - 81. Suppose 0 = -2*g + 4*b + 8, 5*g - 2*b + 0 = 12. Let n = g + 7. What is the highest common divisor of y and n?
9
Let d(p) = -114*p - 612. Let n be d(-6). Calculate the greatest common divisor of 264 and n.
24
Suppose 5*o - 673 = -168. What is the greatest common divisor of o and 1111?
101
Let y = -92 - -127. Let k = 2 + 6. Suppose -k*w + 20 = -4*w. What is the highest common divisor of y and w?
5
Let p = 10 - 7. Suppose j - 2 = p. Suppose 10 = j*g - 5. Calculate the highest common divisor of g and 21.
3
Suppose 0 = 2*z + 3*z - 1360. Suppose -f - 3*u - 151 = -5*f, -25 = 5*u. What is the highest common divisor of z and f?
34
Suppose s + b - 76 = 0, -130 = -3*s - 4*b + 94. Calculate the highest common divisor of s and 200.
40
Suppose 4*u + 12 = -0*u, 0 = 5*f + 2*u - 2544. Suppose 5*k = 2*k + f. Suppose -4*l + k = -138. What is the greatest common factor of 7 and l?
7
Suppose -3*o + 1 + 5 = 0, -4*o = -2*t. Let y(s) = 101*s - 28. Let n be y(t). What is the highest common factor of 47 and n?
47
Let s be 12/8*642/9. Suppose -g = -5*c + 293, 2*c + 3*g - s = -0*c. Let u = c - 22. Calculate the greatest common divisor of u and 12.
12
Let o = -273 + 306. What is the greatest common factor of o and 66?
33
Suppose 6*r - 61 + 22 = 9. Let m = 24 + -16. Calculate the highest common divisor of r and m.
8
Let l(t) = 131*t - 73. Let v be l(6). What is the greatest common factor of 62 and v?
31
Suppose 0 = 2*j - 1 - 3. Let t be -2 + (-5)/(-1) + j. Suppose -10*z + 35 = -3*z. What is the highest common factor of z and t?
5
Let k(n) = 3*n - 2. Let z be k(2). Suppose 92 = 3*f + z*m, -3*f - 2*f = -m - 115. Calculate the greatest common divisor of f and 120.
24
Let h = -27 + 24. Let u be h/(-6) + (-10)/(-4). Let i(k) = 4*k**2 - 4*k + 3. Let z be i(3). What is the highest common divisor of z and u?
3
Let u be (6/(-9))/(11/33). Let t be 4*u/2 - (-10 - 4). Suppose -r = 2*r - 90. What is the greatest common divisor of t and r?
10
Suppose 4*a + 5*s - 80 = 2*a, 0 = s. Suppose -a + 15 = -5*d. What is the highest common divisor of 15 and d?
5
Let t be ((-2880)/(-162) - 2/(-9))/1. Let z be 5/(-10) - (-163)/2. Let c = 9 + z. What is the highest common divisor of t and c?
18
Suppose l = -i + 51, 0 = i - 1 - 2. Let w = l + 12. Suppose -w = -15*d + 10*d. Calculate the greatest common divisor of d and 3.
3
Let t be 2 - 4 - (-13 + 1). Let h = 11 - -59. Calculate the greatest common factor of t and h.
10
Let k = 1253 + -1243. Suppose -y - 41 = -x, 2*x - 52 = y + 27. Suppose 0 = n + 3*n + 4*v - 44, 4*n - x = 2*v. Calculate the greatest common divisor of n and k.
10
Let n(z) = z**3 + 10*z**2 - 11*z - 20. Let j be n(-11). Let y be 234/10 + 8/j. What is the highest common factor of y and 115?
23
Let c be ((2/6)/((-4)/(-96)))/2. Let a be (4 - 0) + -1*2. Suppose a*v + v = 48. Calculate the greatest common divisor of v and c.
4
Let s be (-15)/(-2) + 2*1/4. Suppose -3*r + 4*z = -164, 0*z = -r + 4*z + 52. Calculate the greatest common divisor of r and s.
8
Suppose -3*o = -4*x - 3, -2*x + 37 = 4*o + 11. Suppose -u - 4 = -1, o*u - 31 = -2*i. Calculate the greatest common divisor of 23 and i.
23
Let k(j) = -2*j - 1. Let r be k(-4). Let o = -5 + r. Suppose 8 = -2*a, 38 = -o*y + 4*y + a. What is the highest common factor of y and 231?
21
Suppose -4*r = 3*z + 76, -4*r = -4*z + 2*z - 84. Let l = z + 41. Let a be (4 + -2)*4/8. What is the highest common divisor of a and l?
1
Let d(u) = 3*u**2 - 14*u - 37. Let a be d(-3). What is the highest common divisor of 10 and a?
2
Let g = -12 - -17. Suppose g*l - 429 = 2*l. Suppose 12*t - 13*t = -l. What is the highest common divisor of t and 13?
13
Let f(v) = v**3 - 18*v**2 + 56*v + 16. Let u be f(14). What is the highest common factor of u and 784?
16
Let n = -4161 + 4168. Suppose -3*m = m. Suppose 2*k - 19 - 9 = m. Calculate the greatest common divisor of k and n.
7
Let n = 25 - -5. Calculate the highest common factor of 480 and n.
30
Suppose -104*d - 301 = -109*d + z, 4*d + 3*z = 237. What is the greatest common divisor of d and 36?
12
Let k = 113 + 31. Calculate the greatest common divisor of k and 48.
48
Let h(b) = 12*b + 340. Let o be h(-27). W